550?
True
Does 413 divide 102011?
True
Is 650 a multiple of 30?
False
Does 24 divide 27360?
True
Is 24 a factor of 672?
True
Is 114296 a multiple of 14?
True
Is 3395 a multiple of 9?
False
Does 138 divide 61962?
True
Does 4 divide 40?
True
Is 148 a multiple of 37?
True
Is 4290 a multiple of 15?
True
Is 39120 a multiple of 21?
False
Is 58 a factor of 2320?
True
Is 7770 a multiple of 37?
True
Is 38 a factor of 102298?
False
Is 8932 a multiple of 26?
False
Does 147 divide 3368?
False
Does 28 divide 140?
True
Is 291 a factor of 11802?
False
Does 25 divide 1048?
False
Is 31 a factor of 8556?
True
Does 271 divide 37127?
True
Is 25 a factor of 900?
True
Does 10 divide 3700?
True
Is 14 a factor of 3094?
True
Does 3 divide 489?
True
Does 4 divide 148?
True
Is 48 a factor of 2448?
True
Is 3429 a multiple of 27?
True
Is 42 a multiple of 3?
True
Does 40 divide 5960?
True
Is 37855 a multiple of 5?
True
Is 8 a factor of 495?
False
Is 2 a factor of 1521?
False
Does 188 divide 50371?
False
Does 13 divide 2275?
True
Does 13 divide 3848?
True
Does 14 divide 24682?
True
Is 24 a factor of 6648?
True
Is 34 a factor of 735?
False
Does 71 divide 33867?
True
Does 22 divide 22305?
False
Is 2330 a multiple of 10?
True
Does 119 divide 12376?
True
Is 140 a multiple of 10?
True
Does 18 divide 8394?
False
Does 20 divide 720?
True
Does 57 divide 37053?
False
Is 4515 a multiple of 34?
False
Is 20 a factor of 2200?
True
Is 19964 a multiple of 4?
True
Does 16 divide 190?
False
Is 239 a factor of 23929?
False
Is 13 a factor of 29467?
False
Is 4 a factor of 68?
True
Does 32 divide 832?
True
Is 13 a factor of 1491?
False
Is 3 a factor of 2015?
False
Is 7685 a multiple of 91?
False
Does 78 divide 59358?
True
Does 39 divide 1092?
True
Does 22 divide 2865?
False
Does 34 divide 2945?
False
Does 13 divide 1033?
False
Does 52 divide 16432?
True
Is 1546 a multiple of 6?
False
Does 18 divide 491?
False
Is 2 a factor of 638?
True
Does 78 divide 15596?
False
Does 52 divide 600?
False
Is 4442 a multiple of 46?
False
Is 146 a factor of 1580?
False
Does 3 divide 309?
True
Is 10 a factor of 380?
True
Does 14 divide 3080?
True
Is 27 a factor of 1566?
True
Is 14 a factor of 420?
True
Is 14 a factor of 798?
True
Does 35 divide 41?
False
Is 3442 a multiple of 155?
False
Is 8409 a multiple of 5?
False
Is 3 a factor of 30?
True
Is 736 a multiple of 87?
False
Does 15 divide 6390?
True
Does 25 divide 34360?
False
Does 27 divide 4158?
True
Is 35280 a multiple of 144?
True
Is 1062 a multiple of 18?
True
Is 16 a factor of 7856?
True
Does 4 divide 386?
False
Does 69 divide 8901?
True
Is 38 a factor of 2580?
False
Is 5986 a multiple of 52?
False
Does 40 divide 2704?
False
Is 33 a factor of 2109?
False
Is 40 a multiple of 5?
True
Is 43 a factor of 16291?
False
Is 22 a factor of 66?
True
Is 53 a factor of 385?
False
Is 26 a factor of 1820?
True
Does 8 divide 243?
False
Is 19 a factor of 96523?
False
Does 13 divide 6899?
False
Does 6 divide 4992?
True
Is 67 a factor of 4489?
True
Does 26 divide 107943?
False
Is 49 a factor of 1766?
False
Is 25 a factor of 17978?
False
Is 1737 a multiple of 9?
True
Does 27 divide 513?
True
Is 11 a factor of 652?
False
Does 14 divide 658?
True
Does 50 divide 2500?
True
Is 7462 a multiple of 25?
False
Is 3670 a multiple of 21?
False
Is 100 a factor of 4300?
True
Does 19 divide 454?
False
Is 120 a multiple of 16?
False
Is 118 a factor of 2128?
False
Is 160 a factor of 41600?
True
Does 6 divide 436?
False
Is 72 a factor of 5616?
True
Is 23 a factor of 41781?
False
Does 178 divide 8188?
True
Is 17 a multiple of 2?
False
Is 86 a factor of 1271?
False
Is 10 a factor of 666?
False
Does 13 divide 32682?
True
Does 6 divide 21?
False
Is 22 even?
True
Is 2 a factor of 5523?
False
Is 4 a factor of 3026?
False
Is 288 a multiple of 17?
False
Does 32 divide 51168?
True
Is 103 a factor of 15450?
True
Is 705 a multiple of 15?
True
Is 28 a factor of 84?
True
Is 4 a factor of 4701?
False
Is 3604 a multiple of 5?
False
Does 11 divide 927?
False
Does 10 divide 7377?
False
Does 77 divide 84135?
False
Does 53 divide 2722?
False
Is 241 a multiple of 2?
False
Does 10 divide 52?
False
Is 34719 a multiple of 213?
True
Is 288 a multiple of 36?
True
Is 2 a factor of 962?
True
Does 166 divide 5312?
True
Is 9816 a multiple of 2?
True
Is 5 a factor of 250?
True
Does 5 divide 7782?
False
Is 2770 a multiple of 5?
True
Is 55 a factor of 59180?
True
Does 306 divide 72522?
True
Is 8 a factor of 128?
True
Does 39 divide 10335?
True
Is 785 a multiple of 9?
False
Does 7 divide 334?
False
Is 18 a factor of 3294?
True
Is 7913 a multiple of 41?
True
Is 15 a factor of 6930?
True
Does 21 divide 21231?
True
Is 6169 a multiple of 31?
True
Does 14 divide 210?
True
Is 29 a factor of 17636?
False
Is 81 a factor of 13592?
False
Does 21 divide 66?
False
Is 11 a factor of 3089?
False
Is 249 a factor of 37848?
True
Is 3847 a multiple of 29?
False
Does 14 divide 54924?
False
Is 17 a factor of 153?
True
Does 5 divide 26604?
False
Is 136 a factor of 50579?
False
Is 4 a factor of 64?
True
Does 8 divide 78798?
False
Does 283 divide 32291?
False
Is 1507 a multiple of 11?
True
Does 11 divide 1806?
False
Is 2276 a multiple of 5?
False
Does 38 divide 32186?
True
Is 8 a factor of 3504?
True
Is 12 a factor of 1391?
False
Does 18 divide 2880?
True
Is 2 a factor of 15585?
False
Is 65 a multiple of 13?
True
Is 20 a factor of 2320?
True
Is 1980 a multiple of 45?
True
Does 10 divide 18396?
False
Is 664 a multiple of 3?
False
Is 3055 a multiple of 13?
True
Is 16 a factor of 2394?
False
Is 1363 a multiple of 56?
False
Does 130 divide 5850?
True
Is 13 a factor of 3618?
False
Is 148 a factor of 6768?
False
Does 8 divide 400?
True
Is 6179 a multiple of 19?
False
Is 91080 a multiple of 24?
True
Does 63 divide 8001?
True
Is 70 a factor of 58862?
False
Is 3479 a multiple of 71?
True
Does 21 divide 583?
False
Is 26 a factor of 1106?
False
Does 60 divide 4891?
False
Is 1856 a multiple of 3?
False
Is 2080 a multiple of 51?
False
Does 21 divide 4949?
False
Does 5 divide 1980?
True
Does 3 divide 281?
False
Is 5164 a multiple of 35?
False
Does 91 divide 10192?
True
Is 11 a factor of 1100?
True
Is 144 a factor of 37008?
True
Is 31974 a multiple of 146?
True
Does 3 divide 1015?
False
Does 11 divide 38300?
False
Is 312 a multiple of 33?
False
Is 11 a factor of 353?
False
Is 9 a factor of 7672?
False
Is 33 a multiple of 33?
True
Is 1518 a multiple of 46?
True
Does 14 divide 3577?
False
Is 72 a factor of 8712?
True
Is 19 a factor of 2367?
False
Does 41 divide 48708?
True
Is 2 a factor of 1170?
True
Does 4 divide 51?
False
Does 8 divide 1064?
True
Is 433 a multiple of 18?
False
Is 1472 a multiple of 13?
False
Is 2691 a multiple of 59?
False
Is 10 a factor of 2550?
True
Is 11 a factor of 2794?
True
Is 3726 a multiple of 23?
True
Is 248 a multiple of 7?
False
Is 16 a factor of 14832?
True
Is 9952 a multiple of 37?
False
Is 32 a factor of 990?
False
Is 8 a factor of 1840?
True
Is 423 a factor of 33840?
True
Does 38 divide 266?
True
Does 31 divide 26061?
False
Does 159 divide 45315?
True
Is 24 a factor of 1387?
False
Is 13 a factor of 141609?
True
Is 8809 a multiple of 15?
False
Does 9 divide 2871?
True
Does 39 divide 3094?
False
Is 86 a factor of 1548?
True
Is 42 a factor of 21084?
True
Is 390 a multiple of 130?
True
Is 13 a factor of 8671?
True
Is 25 a factor of 25152?
False
Is 47 a factor of 504?
False
Is 5 a factor of 430?
True
Is 16 a factor of 391?
False
Does 11 divide 1056?
True
Is 12 a factor of 47?
False
Does 2 divide 599?
False
Is 375 a multiple of 4?
False
Is 18 a factor of 842?
False
Is 32700 a multiple of 25?
True
Is 44 a factor of 6556?
True
Is 32 a factor of 416?
True
Does 20 divide 5665?
False
Is 42 a factor of 546?
True
Is 71 a factor of 1846?
True
Is 9 a factor of 42633?
True
Is 6 a factor of 1273?
False
Is 9 a factor of 5365?
False
Is 15 a factor of 4987?
False
Does 5 divide 1895?
True
Is 10 a factor of 2602?
False
Is 16559 a multiple of 29?
True
Is 47 a factor of 5546?
True
Does 114 divide 21307?
False
Is 23100 a multiple of 6?
True
Is 109 a factor of 95233?
False
Is 5 a factor of 342?
False
Is 144 a factor of 5658?
False
Is 22575 a multiple of 156?
False
Does 4 divide 53931?
False
Is 4606 a multiple of 7?
True
Does 61 divide 502?
False
Is 8308 